?
True
Is 2 a factor of 314?
True
Does 21 divide 275?
False
Does 7 divide 557?
False
Does 107 divide 642?
True
Is 15 a factor of 6015?
True
Is 27006 a multiple of 6?
True
Is 17 a factor of 19959?
False
Is 1243 a multiple of 11?
True
Does 9 divide 214?
False
Does 103 divide 7725?
True
Is 4172 a multiple of 8?
False
Is 1566 a multiple of 58?
True
Does 8 divide 824?
True
Does 5 divide 11048?
False
Does 10 divide 169?
False
Does 23 divide 299?
True
Does 28 divide 11810?
False
Does 144 divide 38160?
True
Does 41 divide 3077?
False
Is 72 a factor of 1224?
True
Does 6 divide 332?
False
Is 550 a multiple of 22?
True
Is 829 a multiple of 37?
False
Does 15 divide 1783?
False
Is 18 a factor of 216?
True
Is 533 a multiple of 24?
False
Is 3684 a multiple of 2?
True
Is 900 a multiple of 36?
True
Is 17 a factor of 1170?
False
Is 3913 a multiple of 62?
False
Is 2 a factor of 396?
True
Does 70 divide 21481?
False
Does 17 divide 2052?
False
Is 15990 a multiple of 78?
True
Is 2412 a multiple of 28?
False
Is 3009 a multiple of 17?
True
Does 180 divide 13133?
False
Is 1946 a multiple of 17?
False
Is 11 a multiple of 7?
False
Is 17856 a multiple of 31?
True
Is 10 a factor of 1842?
False
Is 722 a multiple of 11?
False
Does 9 divide 12501?
True
Does 27 divide 331?
False
Is 45762 a multiple of 29?
True
Is 2569 a multiple of 8?
False
Does 13 divide 1469?
True
Does 3 divide 5?
False
Does 37 divide 685?
False
Is 25970 a multiple of 35?
True
Does 8 divide 1528?
True
Is 54378 a multiple of 38?
True
Is 6895 a multiple of 132?
False
Does 62 divide 826?
False
Is 10 a factor of 1934?
False
Is 70 a factor of 13480?
False
Is 22990 a multiple of 32?
False
Is 1030 a multiple of 5?
True
Is 6 a factor of 16416?
True
Is 232 a multiple of 4?
True
Is 1683 a multiple of 51?
True
Does 4 divide 1554?
False
Does 7 divide 357?
True
Is 29 a factor of 4391?
False
Does 11 divide 2222?
True
Does 8 divide 384?
True
Is 7 a factor of 55?
False
Does 81 divide 486?
True
Does 8 divide 256?
True
Does 186 divide 2232?
True
Is 6 a factor of 1228?
False
Does 16 divide 4784?
True
Does 3 divide 945?
True
Does 18 divide 27540?
True
Does 56 divide 6675?
False
Is 73632 a multiple of 177?
True
Is 18 a factor of 83325?
False
Is 16625 a multiple of 7?
True
Is 445 a multiple of 16?
False
Does 16 divide 783?
False
Is 148 a factor of 52688?
True
Is 17 a factor of 3944?
True
Is 11380 a multiple of 10?
True
Is 2399 even?
False
Is 678 a multiple of 113?
True
Is 33 a factor of 118899?
True
Is 468 a multiple of 18?
True
Is 61 a factor of 610?
True
Does 31 divide 651?
True
Is 13 a factor of 1615?
False
Is 77785 a multiple of 10?
False
Is 207 a factor of 45333?
True
Is 518 a multiple of 35?
False
Is 901 a multiple of 58?
False
Does 2 divide 323?
False
Does 42 divide 10878?
True
Is 2494 a multiple of 43?
True
Does 5 divide 650?
True
Is 3 a factor of 896?
False
Is 20 a factor of 5707?
False
Is 19 a factor of 95?
True
Does 19 divide 269?
False
Does 17 divide 3042?
False
Is 20 a factor of 220?
True
Is 57846 a multiple of 62?
True
Is 2982 a multiple of 33?
False
Is 117 a multiple of 117?
True
Is 12 a factor of 936?
True
Is 6647 a multiple of 13?
False
Does 18 divide 612?
True
Does 10 divide 6593?
False
Is 10221 a multiple of 15?
False
Is 2663 a multiple of 3?
False
Is 51840 a multiple of 9?
True
Is 14 a factor of 574?
True
Does 27 divide 3045?
False
Does 18 divide 4870?
False
Is 70 a factor of 29142?
False
Does 17 divide 4114?
True
Does 8 divide 544?
True
Is 11 a factor of 518?
False
Is 2441 a multiple of 27?
False
Is 86 a factor of 86?
True
Is 14 a factor of 336?
True
Is 4543 a multiple of 59?
True
Is 982 a multiple of 26?
False
Is 44 a factor of 356?
False
Does 271 divide 17475?
False
Is 67591 a multiple of 17?
False
Does 5 divide 932?
False
Does 66 divide 79596?
True
Is 5 a factor of 35?
True
Does 47 divide 14077?
False
Is 8 a factor of 192?
True
Is 32912 a multiple of 16?
True
Does 79 divide 35221?
False
Is 2409 a multiple of 219?
True
Does 56 divide 5610?
False
Is 204 a multiple of 35?
False
Is 50 a factor of 48150?
True
Does 2 divide 3451?
False
Does 11 divide 6583?
False
Does 30 divide 3675?
False
Does 36 divide 648?
True
Is 21 a factor of 1575?
True
Does 27 divide 702?
True
Is 91977 a multiple of 31?
True
Does 17 divide 740?
False
Is 189 a factor of 8694?
True
Is 18603 a multiple of 117?
True
Does 132 divide 110961?
False
Does 76 divide 944?
False
Is 2412 a multiple of 18?
True
Does 134 divide 3626?
False
Is 11 a factor of 1802?
False
Is 9 a factor of 10460?
False
Is 66416 a multiple of 14?
True
Is 4 a factor of 349?
False
Is 3 a factor of 350?
False
Is 7488 a multiple of 32?
True
Does 4 divide 800?
True
Is 84 a factor of 29964?
False
Is 2706 a multiple of 168?
False
Does 50 divide 4606?
False
Is 71 a factor of 63450?
False
Is 198 a multiple of 21?
False
Is 1274 a multiple of 13?
True
Is 64589 a multiple of 58?
False
Is 11 a factor of 3399?
True
Is 7820 a multiple of 170?
True
Is 5 a factor of 495?
True
Is 4 a factor of 288?
True
Is 52 a factor of 1357?
False
Does 71 divide 852?
True
Is 46 a factor of 3784?
False
Is 15 a factor of 4845?
True
Is 12 a factor of 295?
False
Does 32 divide 2941?
False
Is 18056 a multiple of 74?
True
Is 116 a multiple of 46?
False
Is 1345 a multiple of 66?
False
Is 268 a multiple of 2?
True
Is 50 a multiple of 4?
False
Is 139 a multiple of 12?
False
Is 13114 a multiple of 50?
False
Does 191 divide 54236?
False
Is 58 a factor of 7308?
True
Is 37 a factor of 2266?
False
Is 1274 a multiple of 16?
False
Is 22 a factor of 29449?
False
Does 7 divide 2590?
True
Is 36 a factor of 46692?
True
Is 26 a factor of 285?
False
Does 5 divide 21424?
False
Is 7 a factor of 196?
True
Is 313 a multiple of 4?
False
Is 4698 a multiple of 29?
True
Is 7189 a multiple of 8?
False
Is 250 a multiple of 10?
True
Does 15 divide 2295?
True
Is 79 a factor of 97407?
True
Is 16974 a multiple of 23?
True
Is 5 a factor of 6710?
True
Does 54 divide 3348?
True
Is 451 a multiple of 11?
True
Is 347 a multiple of 80?
False
Is 32736 a multiple of 64?
False
Is 73 a factor of 11110?
False
Is 5 a factor of 75575?
True
Is 8341 a multiple of 10?
False
Does 57 divide 66611?
False
Is 12 a factor of 547?
False
Does 2 divide 2686?
True
Does 254 divide 1116?
False
Is 24 a factor of 13626?
False
Is 26 a factor of 34?
False
Is 129 a factor of 5860?
False
Does 15 divide 2837?
False
Is 60 a factor of 10978?
False
Is 3 a factor of 42?
True
Does 147 divide 43953?
True
Does 28 divide 4791?
False
Is 43 a factor of 12900?
True
Is 50977 a multiple of 98?
False
Is 15840 a multiple of 32?
True
Is 14 a factor of 2209?
False
Is 23 a factor of 25576?
True
Is 4910 a multiple of 4?
False
Does 95 divide 46420?
False
Is 135 a factor of 2700?
True
Does 7 divide 4711?
True
Is 1523 a multiple of 3?
False
Is 748 a multiple of 29?
False
Does 40 divide 120?
True
Does 2 divide 43?
False
Is 18018 a multiple of 77?
True
Does 30 divide 990?
True
Does 7 divide 3227?
True
Is 1183 a multiple of 10?
False
Is 182 even?
True
Does 6 divide 2319?
False
Is 38 a factor of 7194?
False
Is 71 a factor of 372?
False
Does 90 divide 25110?
True
Is 31328 a multiple of 27?
False
Is 132 a factor of 2759?
False
Is 13275 a multiple of 10?
False
Is 12 a factor of 3170?
False
Does 11 divide 264?
True
Is 16 a factor of 22167?
False
Does 56 divide 2069?
False
Is 1107 a multiple of 13?
False
Does 43 divide 8729?
True
Does 313 divide 81208?
False
Does 3 divide 1360?
False
Is 760 a multiple of 19?
True
Is 108 a factor of 13556?
False
Does 88 divide 198?
False
Is 28 a multiple of 14?
True
Is 8081 a multiple of 71?
False
Is 22 a factor of 1188?
True
Is 12 a factor of 2388?
True
Does 101 divide 16533?
False
Is 2211 a multiple of 4?
False
Is 10 a factor of 27108?
False
Does 15 divide 375?
True
Is 298 a multiple of 2?
True
Is 115 a factor of 1603?
False
Is 222 a factor of 20646?
True
Is 62 a factor of 8615?
False
Is 1215 a multiple of 27?
True
Is 32 a factor of 64?
True
Does 28 divide 1484?
True
Is 35235 a multiple of 81?
True
Is 145 a factor of 19430?
True
Is 9 a factor of 4137?
False
Is 14 a factor of 826?
True
Is 65583 a multiple of 347?
True
Is 2029 a multiple of 3?
False
Is 1364 a multiple of 44?
True
Is 5 a factor of 78?
False
Is 77 a factor of 86052?
False
Is 2431 a multiple of 11?
True
Doe